 Let o = f - l. List the prime factors of o.
2
Let s(c) = c**2 - 8*c + 9. Let t be s(7). Let h = -11 + 23. Suppose -m = -t*m + h. What are the prime factors of m?
2, 3
Let y(d) = 4*d - 14. What are the prime factors of y(11)?
2, 3, 5
Suppose 2*j + j = 0. Let u be 0 + (-1 - j)*-36. Suppose -2*f = -u + 10. List the prime factors of f.
13
Suppose -5*z + 158 = 4*h, -5*z + 6*h + 185 = h. What are the prime factors of z?
2, 17
Suppose 0 = -v - 0*l - 5*l + 7, -3*l + 13 = 5*v. Let a be 1/(((-2)/(-2))/v). Suppose -2*f + 32 = a*f. What are the prime factors of f?
2
Let g(x) = -6*x**3 + 4*x - 1. What are the prime factors of g(-2)?
3, 13
Let g = 6 + 62. Suppose 5*a - g = 2. List the prime factors of a.
2, 7
Let v be 6*1 + (1 - 2). Let a = v - 7. What are the prime factors of -1*(36/a)/2?
3
Let u be (-3)/2 + (-21)/(-6). Suppose u*v = 3 + 1. Suppose -f + v*f = 8. List the prime factors of f.
2
Suppose 6*z = z + 70. What are the prime factors of z?
2, 7
Suppose -2*b = 5*x - 49, 131 = 3*b - 3*x - x. List the prime factors of b.
37
Suppose 4*b = -b + 150. Let o be 2/(-5) + (-108)/b. List the prime factors of (-31)/o - 2/(-8).
2
Let q(y) = -4*y - 4. List the prime factors of q(-7).
2, 3
What are the prime factors of (-2)/(-6)*(8 - -1)?
3
Let n = 12 + -29. Let h = n + 27. List the prime factors of h.
2, 5
Let q(n) = -n**2 - 5*n + 6. Let a be q(-5). Suppose 7 = w - a. List the prime factors of w.
13
Let h(d) = 3*d**2 - 3*d - 5. Let y(v) = -2*v**2 + 2*v + 5. Let g(w) = 3*h(w) + 4*y(w). List the prime factors of g(5).
5
Let k(t) = 3*t + 29. Let f(u) = u + 10. Let o(r) = 7*f(r) - 2*k(r). What are the prime factors of o(-9)?
3
Suppose 2*v + 14 = -y - 2*y, 2*v - 3*y = -2. List the prime factors of (v/(-6))/((-5)/(-15)).
2
Suppose -100 = -z - 4*t, 5*z - 3*t - 507 = 39. What are the prime factors of z?
2, 3
Let y(t) = 39*t**2 - 9*t + 7. Let s(r) = 59*r**2 - 14*r + 11. Let u(n) = -5*s(n) + 8*y(n). Suppose -2*i - 5 = -7. What are the prime factors of u(i)?
2
Let g(j) = -j**2 - 8*j - 1. Let n be g(-8). What are the prime factors of (-2 - n)/(1/(-17))?
17
Let n be 1/3*(43 + 2). Let c = n + 3. List the prime factors of c.
2, 3
Suppose p = 2*p. Let g = 18 + p. Suppose 0 = 3*y - y - g. What are the prime factors of y?
3
Let w = 158 + 201. List the prime factors of w.
359
Let f = -1 - -1. Suppose 0 = -3*r - 4*g + 16 - 2, f = 2*r + 3*g - 9. What are the prime factors of r?
2, 3
Suppose -20 = -4*z + 4*t, 2*t = 3*z + 1 - 13. Suppose -5*j + 48 = -z*j. What are the prime factors of j?
2
Let m = 70 + -49. List the prime factors of m.
3, 7
Let u(o) = o. Let p(s) = -s**2 + 7*s - 6. Let t be p(4). List the prime factors of u(t).
2, 3
Let p(j) = -14*j**2 - 18*j - 4. Let a(h) = -5*h**2 - 6*h - 1. Let z(x) = -11*a(x) + 4*p(x). Let w = -1 + -3. What are the prime factors of z(w)?
3
Let u = -23 - -34. Suppose -4*f - 3 + u = 0. What are the prime factors of (2 - -3) + f + 2?
3
Let k = -34 + 18. Let n = 24 + k. What are the prime factors of n?
2
Let k = -10 + -2. Let u be ((-3 - -1) + 1)*6. Let y = u - k. What are the prime factors of y?
2, 3
Let o = 0 - -3. Let u = o + -1. List the prime factors of u.
2
Suppose -21 = y - 87. What are the prime factors of y?
2, 3, 11
Let j be (-27)/6*(0 - 2). Suppose 2*c - 3*c = -j. What are the prime factors of c?
3
Let g be (-3)/(-18) + 25/(-6). Let f(z) = -z**3 - 3*z**2 + z + 2. List the prime factors of f(g).
2, 7
Suppose -3*b + 6*b - 5*q + 38 = 0, 0 = 3*b + 4*q + 29. Let a(m) = -m + 10 + 2*m - m**2 + 2 - 12*m. What are the prime factors of a(b)?
2, 3
Let r(k) = k**2 + 2*k + 2. Let p be r(0). Suppose p*g - 3 = 7. What are the prime factors of g?
5
Suppose 2*d = 2*x - 98 + 482, -d + 3*x + 198 = 0. What are the prime factors of d?
3, 7
Suppose 0 = -4*c + 5*d - 25, c + 9 + 11 = 4*d. Suppose c = -3*x + 4*t + 48, -3*x + 5*t + 51 = -0*t. List the prime factors of x.
2, 3
Suppose -3*k + 27 = -12. List the prime factors of k.
13
Let a(d) be the second derivative of -d**4/24 + d**3/6 - d**2 - 2*d. Let s(h) be the first derivative of a(h). What are the prime factors of s(-3)?
2
Suppose 0 = 5*u - 49 - 21. List the prime factors of u.
2, 7
Suppose 1 = 3*n - 218. What are the prime factors of n?
73
Let c = 43 - -19. What are the prime factors of c?
2, 31
Suppose v = 3*s - 44, 3*s = 4*v + 32 - 0. Suppose s = q - 1. List the prime factors of q.
17
Let p = -7 - -18. Suppose 10 = -5*l + 2*y - p, -5*l - 2*y = 9. List the prime factors of -2 - 3/l*11.
3
Let m(w) = w**3 - 7*w**2 + 10*w + 1. Let v be m(8). Suppose 0 = l + 4*l - v. Suppose 5*g - 2*g + 4*h - 26 = 0, -3*g + l = h. List the prime factors of g.
2, 5
Let s be 4/(-1) + 56/7. Suppose -216 = -s*x + 3*f, 4*x + 2*f = 71 + 125. What are the prime factors of x?
3, 17
Let g(z) = z**3 - z**2. Let h be g(2). Suppose h*p - 36 = -0*p. What are the prime factors of p?
3
Let x(i) = 2*i + 2. Let o be x(3). Suppose o*m + 20 = 3*m. List the prime factors of (15/m)/((-12)/32).
2, 5
List the prime factors of (-9)/12 - (-81)/12.
2, 3
Let t(d) be the second derivative of 113*d**4/12 - d**3/3 - d**2/2 + d. Let g be t(-1). List the prime factors of (3/(-6))/((-3)/g).
19
Let c(t) = t**2 + t. Suppose 10 = -g - 5*j, 5*j = 2*g + g - 10. Let q = -4 - g. List the prime factors of c(q).
2, 3
Suppose 5*q = -8 + 33. Suppose 0 = f, t - 12 = 4*t - q*f. What are the prime factors of (9 - t)/(-1 + 2)?
13
Let b = -220 - -438. What are the prime factors of b?
2, 109
Let s(o) = o**2 + 2*o + 2. Let n be s(-3). Suppose 4*y + g = 2*g, -n*y = g. Suppose -10 = -y*d - d. What are the prime factors of d?
2, 5
Let g(c) be the third derivative of c**5/30 + c**4/3 + c**3/2 - 28*c**2. Suppose -4 + 15 = -3*b - 2*d, 5*b + 2*d + 21 = 0. List the prime factors of g(b).
13
Let m(u) = u - 1. Let x be m(3). Suppose y + 3 = -5*j, 1 = -5*j + x*y + 7. Suppose j = w + 3*w - 4*h, 0 = 5*w + h - 24. List the prime factors of w.
2
Let l be (6 - 3)*10/6. Suppose -w - l*f = -2*w + 27, -5*w = -4*f - 114. Suppose -4*a = -2*q + w, a + 11 = 3*q - 42. List the prime factors of q.
19
Let f(l) = 7*l**2 - 4*l + 16. What are the prime factors of f(4)?
2, 7
Suppose -5*w = -0*w - 100. What are the prime factors of w?
2, 5
Suppose -5*m - 153 = -8*m. List the prime factors of m.
3, 17
Suppose -3*n + 6 = 0, 773 = k + 4*k + 4*n. List the prime factors of k.
3, 17
Suppose -2*h + 6*h = 0. Suppose 0 = -h*n + 3*n - 12. What are the prime factors of n?
2
Let u = -8 - -23. Suppose -h = 2*h + u, -2*z + 4*h + 72 = 0. What are the prime factors of z?
2, 13
What are the prime factors of (-2)/(-6) - 196/(-6)?
3, 11
Suppose -p + 5*p - 8 = 0. List the prime factors of (-301)/(-14) - 1/p.
3, 7
Let k(f) be the third derivative of -f**4/24 + f**3/2 + f**2. Suppose 4 = 5*q + 39. What are the prime factors of k(q)?
2, 5
Let w = -36 - -57. List the prime factors of (-6)/w + (-60)/(-14).
2
Let a = 34 - 22. Suppose -2*p = 2*j - a, 0*j + 5*j = -3*p + 8. What are the prime factors of p?
11
Let y be 1 + (1 - -1 - -16). Suppose 3*t - 7*t + 8 = 0. List the prime factors of y + 3 + (-2 - t).
2, 3
Suppose 5*m + 4*p = -0*p + 946, p = -4*m + 759. What are the prime factors of m?
2, 5, 19
Let y = 14 + -8. Let v(c) = -c. Let f be v(-2). Let t = y - f. List the prime factors of t.
2
Suppose -4*i - 31 = 5*a - 5*i, a + 3 = i. List the prime factors of -3*1 + (6 - a).
2, 5
Let r = -15 - -36. Suppose -q - 4*n = -20, -7*n + 2*n + r = q. List the prime factors of q.
2
Suppose n - 197 = -4*a, -5*a + a = 5*n - 1033. What are the prime factors of n?
11, 19
Let w = 135 - 81. What are the prime factors of w?
2, 3
Let i be (-2 - 0/2) + 2. Let f be (-40)/(-18) + (-2)/9. Suppose i*q = -q + f. What are the prime factors of q?
2
Suppose 0 = -t + 5 - 2. Suppose -90 = -5*y + 5*o, -y + 14 = -0*y + t*o. List the prime factors of y.
17
Suppose -2*g + 0 = -4. Let h = g - 2. Suppose h = -4*d + 27 - 11. What are the prime factors of d?
2
Suppose 0 = 2*i + 5*r - 201, -5*r = -i + 78 + 15. What are the prime factors of i?
2, 7
Let y(b) be the third derivative of 0 - 1/24*b**4 + 0*b - 3*b**2 + 2/3*b**3. List the prime factors of y(0).
2
Let t(r) = r**3 + 8*r**2 - 9*r + 11. Suppose 34 = -4*d + m, 0 = -d + 3*d + 5*m + 28. What are the prime factors of t(d)?
11
Let z(x) = -6*x**2 - x + 1. Let o be z(-2). List the prime factors of (0 - o) + (-8 - -6).
19